11*n + 7*n + 96 = 0. Suppose -10*t = -n - 26. Let f(g) = g - 1. Give f(t).
4
Suppose 22 = 4*k - 2*z, -5*k - 4*z + 2*z + 23 = 0. Let v(x) = -244 - 6*x + x**3 - k*x**2 + 120 + 116. Calculate v(6).
-8
Suppose 4*p = -6 - 2. Let b(g) be the third derivative of g**5/30 + g**4/24 + 5*g**3/6 - g**2. Let h(a) be the first derivative of b(a). Determine h(p).
-7
Let j(m) = m**2 + 9*m - 4. Let n(s) = s - 1. Let b(p) = -p**2 - 16*p + 10. Let x(z) = -b(z) - 6*n(z). Let i(l) = -6*j(l) + 5*x(l). Give i(-6).
-8
Let x(j) = -j**3 - 4*j**2 + j. Let a be 665/28 - 1/(-4). Let t = a - 20. Suppose -t*y = -2*y + 6. Calculate x(y).
-12
Let i(r) = 4*r**3 + 7*r**2 - 9*r - 6. Let w(b) be the first derivative of 3*b**4/4 + 7*b**3/3 - 9*b**2/2 - 6*b + 17. Let v(g) = -2*i(g) + 3*w(g). What is v(-8)?
2
Let g(u) = -u**2 + 11. Suppose -4*p + 29 = 33. Let f = p + 1. What is g(f)?
11
Let w = 725 + -717. Let f(j) = j**3 - 8*j**2 - 2*j + 12. Give f(w).
-4
Let z(x) be the second derivative of x**5/20 - 11*x**4/12 + 5*x**3/3 + 4*x**2 + 72*x. Give z(10).
8
Let o = 1 - 0. Let v(a) = 4 - o - a - 19*a**2 + 20*a**2. Calculate v(3).
9
Suppose -7*b + 2*b = -5*g + 130, -5*b = -10. Let i = g - 25. Let u(k) = 0*k - 4*k - 2*k**2 - 2*k**3 + 3*k**3 + k**2 - i. What is u(-2)?
-7
Let w(d) be the third derivative of d**4/12 + d**3/2 - 7*d**2 + 4*d. Let v be -5 + -1 + 3 + -2. Give w(v).
-7
Let g = -15 + 9. Let l(w) be the second derivative of w**5/20 + 7*w**4/12 + 2*w**3/3 - 4*w**2 - 103*w. Calculate l(g).
4
Let k(s) = -s**3 - 17*s**2 - 30*s + 8. Let p be k(-15). Suppose -5*n + 7*n = p. Let h(t) = -t**2 + 5*t + 1. Determine h(n).
5
Let p(s) be the third derivative of s**5/60 - s**4/4 - 5*s**3/6 + 6*s**2 + 2. Give p(-4).
35
Let i = 872 - 861. Let s(j) = j**3 - 11*j**2 + j - 21. What is s(i)?
-10
Let u(q) be the first derivative of q**7/840 - q**6/90 + q**4/12 + 2*q**3/3 - 46. Let n(x) be the third derivative of u(x). Let g = -2 + 6. Calculate n(g).
2
Let q(v) = 1 + 3 + 5*v**2 + 6*v - 4*v**2 - 1. Suppose i - 3*h + 8 = -5*h, 0 = -i + 5*h + 20. Let n be (-8)/(-4)*(-3 - i). Give q(n).
3
Let m be -5 - (-4 + 4) - -103. Suppose -10*t + 12 = -m. Let n(k) = -2*k + 11. Determine n(t).
-11
Let u(p) = -9*p - 34. Let g be u(-3). Let d(k) = -k**3 - 7*k**2 + k + 4. Determine d(g).
-3
Let a(c) = -c**2 - c + 10. Let l be a(0). Suppose -k - 4*k = -l. Suppose 2 - 14 = k*g. Let p(d) = -d**2 - 7*d + 1. What is p(g)?
7
Let q(o) = -o**3 - 5*o**2 + 3*o - 2. Let j be ((-3)/2)/((-30)/(-100)). What is q(j)?
-17
Let k(g) be the first derivative of -g**3/3 + 7*g**2/2 - 4*g + 50. Let y be (54/(-14) + 3)*-7. Determine k(y).
2
Let j(g) = -g**3 + 8*g**2 - 11*g - 9. Let h be (128/320)/((-1)/(-15)). Give j(h).
-3
Let y(n) = 3*n - 12. Suppose 3*f - o = 13, -o + 0*o = 1. Let p(m) = m**2 - 6*m + 16. Let r be p(f). Calculate y(r).
12
Let y(x) = -20 - 13 - 8*x**2 - x**3 + 39 - 6*x. Give y(-5).
-39
Let m(r) = -r - 8. Suppose -l = 3*o + 1, 5*l + 2*o + 0*o - 21 = 0. Suppose -l*s - 3*s + 5*s = 0. Calculate m(s).
-8
Let j(d) = 2*d**2 + 11*d - 5. Let n(b) = 4*b**2 - 6*b + 8. Let x(h) = h**2 + 1. Let g(v) = n(v) - 5*x(v). Let m(a) = -7*g(a) - 4*j(a). Calculate m(-4).
-9
Let n be (-3)/(-6)*4/(-28)*0. Suppose a + 3*h - 9 = 0, 2*a + 12 = -a + 4*h. Let w(u) = u - 3 - u**2 - 6 + a*u**2. Give w(n).
-9
Let v(w) be the third derivative of w**5/20 + w**4/12 - 7*w**3/6 - 393*w**2. Determine v(-5).
58
Let g(i) = -i**3 - i - 6. Let d be (-6)/(-4)*(243/27 - 7). Give g(d).
-36
Let z(m) = m**2 + 2*m + 4. Let c = 550 + -554. What is z(c)?
12
Let d(o) = -2*o + 6. Suppose -60*i + 70*i = 0. Determine d(i).
6
Let q(k) = k**2 - 2*k. Let r be q(-3). Let a be (14/(-21))/((-2)/r). Let t(x) = x**3 - 4*x**2 - 5*x + 3. Determine t(a).
3
Let j(n) = -n**2 - 4*n. Let g be (1755/(-390))/(0 - (-1)/2). Determine j(g).
-45
Let n(i) = 1 - 3 - 2*i + 1. Let y(u) = u - 4. Let p be y(-1). Give n(p).
9
Let w be 4/((-8*4/8)/2). Let g(k) be the first derivative of -k**4/4 - k**3 - 2*k**2 - 2*k - 1. Calculate g(w).
2
Let r(c) be the second derivative of -c**5/20 + c**4 - 7*c**3/2 - c**2/2 + 3*c + 40. What is r(10)?
-11
Let b(v) = -v**2 - 4*v + 2. Suppose -3*h + 0*j - 3*j = 69, -j = 3*h + 63. Let u be ((2 - 10)/(-2))/((-4)/(-14)). Let c = u + h. What is b(c)?
-10
Let o(q) be the first derivative of -q**3 - q**2 + 2*q + 249. Let j be 8/(-5) + 2/(-5). Determine o(j).
-6
Suppose -2*s + 6 = 2. Suppose -2*o = 3*f + 5, 4*o - 14 = 6. Let x = s + f. Let c(b) = b**3 + 2*b**2 - 2*b + 3. Give c(x).
0
Let b = -4 + 1. Let j be (-5)/(-10)*38 + -4. Let m(v) = 13*v + v - v**2 - j*v + 2. Give m(b).
-4
Let g be 1/14*4 + (-20)/(-28). Let w(v) = -3*v + 4. Let t be w(g). Let y(d) = -d**2 + 2*d. Calculate y(t).
1
Let c(r) be the first derivative of 5/2*r**2 + 0*r - 25. What is c(-1)?
-5
Let k be 126 - 147 - (-1 - 13). Let s(q) be the third derivative of -q**6/120 - q**5/10 + q**4/3 + 3*q**3/2 + q**2. Give s(k).
2
Let g(d) = -5*d**2 - 5*d - 5. Let x be 3 + (8/5)/((-14)/35). What is g(x)?
-5
Let m = 28 + -28. Suppose m*p + 5*p = -35. Let r(n) = n**2 + 10*n + 21. Let a be r(p). Let x(g) = g**2 - 11. Give x(a).
-11
Let z(b) = 5*b - 30. Suppose 4*y - 42 = -14. Let p be z(y). Let k(u) = -2*u + 4. Calculate k(p).
-6
Let u(i) = 4*i**2 - 2*i + 2. Let p(m) = -3*m**2 + m - 3. Let w(k) = -5*p(k) - 4*u(k). Suppose -t = -4*r - 5*t + 32, 0 = 2*r - 3*t - 6. What is w(r)?
-11
Let q be 1/(-4) + (-17)/(-4). Let w = -2 + q. Let i(l) = l - 6*l + 6 - 2 + w*l + l**2. Calculate i(3).
4
Let u(z) = z + 12. Let j(t) = 2. Let o(b) = -14*j(b) + 2*u(b). Let d = -8 + 9. Suppose -y + d = -2. Determine o(y).
2
Let m(g) = g + 4*g**2 - g**2 - g**2 + 17 - 19. Calculate m(-2).
4
Suppose 0 = -7*u - u + 32. Suppose c = -q - 4, 3*c - 2*q - u = -1. Let h(t) = 16*t + 1. Calculate h(c).
-15
Let v(g) be the second derivative of g**3/6 + 2*g**2 + 4*g - 5. Determine v(0).
4
Let b(f) be the first derivative of f**2 - 2*f - 20. Let w = 13 + -7. Determine b(w).
10
Let x(t) = t**3 + 10*t**2 - 15*t - 16. Let r be 19 + -21 + 18/(-2). Calculate x(r).
28
Let g(k) = 4*k**2 - 4*k + 6. Let d(c) = 3*c**2 - 4*c + 6. Let l(i) = 5*d(i) - 4*g(i). Let b be l(0). Let y(z) = z**2 - 7*z - 1. Calculate y(b).
-7
Let m(h) = -2*h**3 + h**2 + h + 2. Let q(f) = -3*f**3 - 7*f**2 + 10*f - 1. Let n(a) = -2*m(a) + q(a). Give n(8).
-5
Let j = 307 + -298. Let p(d) be the first derivative of -d**3/3 + 5*d**2 - 9*d + 1. Determine p(j).
0
Let u(a) be the second derivative of a**5/20 + a**4/12 - a**3/6 - a**2/2 - 2*a - 4. What is u(-1)?
0
Let n(o) = o**2 - 7*o + 2*o + 6 + 7*o. Give n(-4).
14
Let d(z) = 2*z + 3 + 0*z + 2*z. Let l be (8/(-36)*-6)/(11*(-12)/(-297)). What is d(l)?
15
Suppose -164 = -2*v - 2*b + 86, 4*v - 4*b - 468 = 0. Let t(u) = u**2 + 118 - 3*u + 2*u - v + 3*u. Give t(-5).
12
Let g(s) = -120 - s**2 + 56 + 49 + 13*s. Give g(10).
15
Let t(v) be the third derivative of 0*v + 1/60*v**5 + 11/6*v**3 + 0 - 5/12*v**4 - 3*v**2. What is t(8)?
-5
Let v(i) = i + 24. Let z(d) = 2*d + 49. Let u(p) = 13*v(p) - 6*z(p). Calculate u(-11).
7
Let t be -10 - (-16)/(6 - 2). Let g(q) = -q + 3. Calculate g(t).
9
Let r = -2318 - -2324. Let f(s) = -7*s + 17. Give f(r).
-25
Let n(t) = -t**2 + 8*t - 2. Let r = -135 + 191. Let v = r + -49. Calculate n(v).
5
Let p(i) = -i**3 + 6*i**2 - 5*i - 7. Let n(t) = -97*t + 1. Let g be n(-1). Let d = g + -93. Give p(d).
-7
Let b(m) = -23*m + m**3 + 1 + 4*m**2 - 20*m - 23*m + 60*m + 0*m**3. Suppose 3*l = f - 5*f - 27, 5*l - 3*f + 16 = 0. Calculate b(l).
6
Let m(t) = 33*t**2 + 14*t + 4. Let y(p) = 4*p**2 + p + 1. Let c(l) = m(l) - 8*y(l). Give c(-11).
51
Let d(h) = -h - 1. Suppose -14 = 127*p - 125*p. Determine d(p).
6
Let c = 286 + -287. Let f(m) be the first derivative of m + 11/2*m**2 - 2. What is f(c)?
-10
Let h(z) be the second derivative of -z**8/840 - z**5/120 + z**4/6 - 2*z. Let c(u) be the third derivative of h(u). Suppose -7 = -3*v - 4. What is c(v)?
-9
Let a(p) be the third derivative of -p**6/120 + 3*p**5/20 - 7*p**4/24 - p**3/6 - 30*p**2 - 2*p. Determine a(8).
7
Let r be (0 + -1)*242/(-11). Let f = r - 16. Let z(m) = 8*m + 4 - 13 + 5*m**2 - f*m**2. What is z(6)?
3
Suppose -102 + 110 = 4*t. Let s(u) = 3*u + 2. Determine s(t).
8
Let i(f) = 0 - 4 + 3 + 9*f - 10*f. Give i(-4).
3
Suppose -15 = -3*w, -5*w = -5*t - w - 35. Let s(q) = -q - 2. Let h(v) = 2*v + 